 36 and u?
4
Let j(c) = c**2 + 7*c + 5. Let a(u) = u**2 - 7*u - 1. Let l be a(6). Let r be j(l). Calculate the highest common factor of 10 and r.
5
Suppose 0 = -2*k + 40. Suppose 3*o - 7*o = 0. Suppose -n + 4 = -o*n. What is the greatest common factor of n and k?
4
Suppose 0 = 7*b - 3*b - 80. Let m = -465 - -685. Calculate the greatest common factor of b and m.
20
Suppose -19*n + 23*n - 24 = 0. Let l = 3 - 3. Suppose -4*w - p + 52 = 3*p, l = -p - 5. What is the highest common divisor of n and w?
6
Let t(j) = -10*j + 9 + 5 - 16. Let q be t(-5). What is the greatest common divisor of 12 and q?
12
Suppose -4*a + 12 = -0*a. Let i(f) = 26*f + 3. Let g be i(a). What is the greatest common divisor of g and 9?
9
Suppose -2*n + 5*f + 31 = 0, n - 2*f = 12 + 4. Let r be 132/108 + (-4)/n. Calculate the greatest common divisor of r and 4.
1
Let b(x) = x**2 + 6*x - 4. Let t be b(-6). Let k be (-82)/t + 2/(-4). Let v = k + -12. What is the greatest common factor of 2 and v?
2
Let z(s) = -s**2 + 4. Let h be z(0). Suppose h*v - m = 304, -2*m = m. Calculate the highest common divisor of v and 19.
19
Let c(h) = h**3 + 9*h**2 + 13. Let r be c(-9). Suppose -4*m = -n - 465, 0*m = -4*m - 3*n + 477. Calculate the greatest common factor of r and m.
13
Let w be (2 + -4)/(4/(-10)). Let o = w + -1. Let f = 5 - o. What is the highest common divisor of 1 and f?
1
Let y = 2 + 1. Suppose y*i = -i. Let a = i - -18. Calculate the highest common factor of 45 and a.
9
Suppose -77 = -4*c - 5. Calculate the highest common factor of c and 27.
9
Let p(h) = 3*h. Let u be p(9). Let t = 9 + u. What is the greatest common divisor of 12 and t?
12
Suppose 12*q - 7*q - 550 = 0. What is the highest common factor of q and 10?
10
Let q(v) = 24*v - 57. Let p be q(5). What is the highest common divisor of p and 14?
7
Let l be (2 - 0) + 3 + -2. Calculate the highest common divisor of l and 6.
3
Suppose -164 = -5*y - 4*v, -v = -4*y + 2*v + 125. What is the greatest common factor of y and 80?
16
Let v = -18 + 23. What is the greatest common divisor of 55 and v?
5
Let o(b) = -b**3 + 4*b**2 + 3*b - 2. Let y be o(4). Suppose 0 = -r + 41 + 69. What is the highest common factor of y and r?
10
Suppose -4*o = -3*m - o + 48, 4*m - 54 = 2*o. Let v be ((-20)/14)/(m/(-77)). Calculate the highest common factor of 80 and v.
10
Suppose 5*i = i. Suppose -4*o + i*o = -64. What is the highest common factor of o and 16?
16
Let f(d) = d**2 - d. Suppose 0*o = o + 4. Let i be f(o). Let j be ((-8)/i)/((-1)/30). What is the greatest common factor of j and 12?
12
Suppose -3*i + 76 = v, 4*i = 4*v - 0 + 80. Calculate the greatest common factor of 16 and i.
8
Let r(x) = 3*x - 1. Let o be r(1). Suppose o*f - 3*f = 0, -2*w = 3*f - 60. Calculate the highest common divisor of w and 12.
6
Let d = 28 - 21. What is the greatest common factor of d and 56?
7
Let u(x) = 2*x + 24. Let m be u(8). Calculate the highest common divisor of 40 and m.
40
Let h be 3/(-2)*100/(-30). Let a = 31 + h. What is the greatest common divisor of a and 12?
12
Let z be (-16)/(-7) + -2 - 2096/(-14). Calculate the greatest common factor of 30 and z.
30
Let n = -13 + 14. Calculate the highest common divisor of n and 1.
1
Suppose 0 = -3*y - y + 392. Suppose -3*x + y = 5*b, x - b + 6 = 28. What is the greatest common divisor of x and 156?
26
Let q be 2/11 - (-106)/22. Let y(o) = o**2 - 5*o + 4. Let c be y(q). Suppose 0 = -c*b + 4. What is the greatest common divisor of b and 2?
1
Suppose b = -2*v + 27, 3*v + b - 59 = -v. What is the greatest common factor of v and 24?
8
Suppose 0 = -4*r - 2*l + 62, -4*l - 16 = -5*r + 94. Calculate the highest common divisor of 117 and r.
9
Suppose -h = h - 12. Let o = 7 - h. Calculate the highest common factor of o and 1.
1
Suppose -3*n - 4*q + 52 = 0, -5*n + 2*q = -q - 106. Calculate the greatest common factor of n and 100.
20
Let g be 2/9 + 1412/(-36). Let o = 73 + g. Let m = 43 + -26. What is the greatest common divisor of o and m?
17
Let d(w) = w**2 + 8*w. Let q be d(7). What is the greatest common divisor of q and 15?
15
Let d(n) = -n**3 - 9*n**2 - 9*n - 5. Let j be -1 + -1 - (5 + 1). Let m be d(j). What is the greatest common factor of 12 and m?
3
Suppose -4*g + 7*g - 36 = 0. What is the greatest common divisor of 12 and g?
12
Let l = -50 - -74. What is the highest common factor of 12 and l?
12
Suppose -150 = -3*l - 0*l. What is the greatest common factor of l and 5?
5
Suppose o + 13 = 3*a, 3 = o - 2. What is the greatest common factor of a and 27?
3
Suppose 3*v = 5*v. Let g(r) be the third derivative of -r**4/24 + 25*r**3/2 - r**2. Let u be g(v). Calculate the highest common factor of u and 25.
25
Let g be (-526)/(-4) + 1/2. Calculate the highest common factor of g and 12.
12
Let y(z) = z**3 - 11*z**2 + 11*z - 2. Let i(m) = -m**3 - 14*m**2 - 15*m - 16. Let g be i(-13). Let r be y(g). What is the highest common factor of 56 and r?
8
Suppose -4*a - l + 321 - 34 = 0, 5*l = -a + 67. What is the greatest common factor of 8 and a?
8
Let h = -79 + 124. Let a be 1/((-2)/(-20) + 0). Let k = -1 + a. What is the highest common factor of k and h?
9
Let h = 6 - 12. Let a(q) = q**3 + 9*q**2 + 8*q - 5. Let k be a(h). Calculate the greatest common factor of 5 and k.
5
Suppose -3*a - 2 + 5 = 0. Let i be (4/3 - a)*-3. Let c be 1/(i/(-20) + 0). What is the greatest common factor of 8 and c?
4
Suppose -3*z = 204 + 54. Let g = -37 - z. Let i be (-2)/(2 + 0) + 8. Calculate the highest common factor of i and g.
7
Let q(o) = -o - 1. Let u be q(-7). Suppose 2*b + 1 - 9 = 0. Suppose -68 = -b*z - 2*v, -5*v - 80 = -5*z - 10*v. Calculate the greatest common factor of z and u.
6
Let d be 112 + (210/(-50) - (-3)/15). What is the highest common factor of d and 3?
3
Suppose 4*a + 136 = 4*p + 6*a, 2*a + 8 = 0. Suppose -2*v - p = 2*v. Let s be 6/v + 152/3. What is the greatest common factor of 10 and s?
10
Let m be (0 - 6/(-3))/(-2). Let o be -2 + (2 - 6)*m. Calculate the greatest common factor of o and 4.
2
Let n(f) = -f**3 + 8*f**2 - 11*f + 4. Let t be n(4). Let u be 1 + 37 - 4/2. Calculate the highest common factor of u and t.
12
Suppose 0 = 5*j - j - 32. Let l(g) = g - 6. Let c be l(j). What is the greatest common divisor of 8 and c?
2
Let h(p) = p**3 + 6*p**2 + 5*p + 2. Let n be h(-5). Suppose n = -3*d + 8. Calculate the greatest common factor of 22 and d.
2
Suppose 3*c = 2*c + 6. Let f be (3 - -1)/(c/9). Suppose -252 = -f*t + 2*t. Calculate the greatest common factor of 9 and t.
9
Let x = -4 + 9. Suppose 4*n + x*y = 3*n + 38, 4*y + 2 = n. Let j be 1/4 - (-92)/16. What is the greatest common divisor of j and n?
6
Let v(o) = 9*o**3 - o**2 - o + 2. Let q be v(1). Calculate the highest common factor of 27 and q.
9
Suppose 0 = 5*m + 9 - 34. Let z = m - 3. Calculate the greatest common divisor of 18 and z.
2
Let j(f) = 2*f - 1. Let c be j(4). Suppose -u - 5*a = -27, 5*a = -2*u + 22 + 12. What is the highest common factor of u and c?
7
Let y = 16 - 7. Let n be (-1 - -2)/(2/6). What is the highest common divisor of n and y?
3
Let w = 3 + 13. What is the highest common divisor of 176 and w?
16
Suppose 4*z - 4*o = 3*z - 12, -3*z - 5*o + 15 = 0. Suppose z*n + 36 = 4*n. Calculate the greatest common divisor of n and 6.
3
Let b be (8/14)/((-2)/(-7)). Let o be (-4 + -2)/((-3)/b). What is the greatest common divisor of 36 and o?
4
Suppose 5*s - 90 = v - 0*v, -4*s = v - 72. Calculate the highest common factor of 72 and s.
18
Suppose -5*x + 8*x = 2610. Suppose -6*i + i - 5*p + x = 0, -5*p + 166 = i. Let l be (15/10)/(6/64). Calculate the greatest common factor of i and l.
16
Let k = -12 - -16. Suppose -5*g = k*w - 33 - 88, 5 = g. Let y(t) = 3*t**2 + 2*t. Let j be y(2). Calculate the highest common factor of j and w.
8
Let k = -53 + 59. Calculate the highest common divisor of 9 and k.
3
Let u be ((-2)/4)/((-2)/4). Let b = 4 - u. What is the highest common factor of 24 and b?
3
Suppose -92 - 133 = -3*d. What is the greatest common factor of 50 and d?
25
Suppose -3*d + 9 = 0, -b = -4*d - 4 + 2. What is the greatest common factor of 112 and b?
14
Let s = -19 - -55. Calculate the highest common divisor of 90 and s.
18
Suppose -k + 11 = 2. Let a be (-5 + 4 + 4)*1. What is the greatest common divisor of k and a?
3
Suppose -10*a + 14*a - 16 = 0. Let r(o) = -o**2 + 8*